Suppose -5 = v*j - 110. Suppose -15*d + 15 = -12*d. What is the greatest common divisor of j and d?
5
Suppose -2*t - 2*t + 29 = 3*i, -2*i = 4*t - 18. Suppose -w - 3*w - 496 = 0. Let x = i - w. Calculate the greatest common factor of x and 15.
15
Suppose 3*o - 49 - 354 = 5*b, -3*b = 6. Let i be o - (-6 + (-4)/(-4)). Let f be (-1)/((-32)/(-34) + -1). Calculate the greatest common divisor of i and f.
17
Suppose -3*o = r + 7, -r + 4*r + 7 = -2*o. Let q be (330/(-25))/(o/60). Let z be 18 + 16 - -2*1. What is the highest common factor of z and q?
36
Suppose 644 - 1047 = 53*m - 4696. What is the highest common factor of 13689 and m?
81
Let u(w) = 172*w - 1098. Let o be u(24). What is the greatest common divisor of 20 and o?
10
Suppose 2*o = -o + 6. Suppose -5*a - n - 4*n + 660 = 0, 250 = o*a - 5*n. Suppose 2307*i = 2303*i + 208. What is the highest common factor of i and a?
26
Let m be 235/45 - 2/9. Let d be 19/((-988)/(-663))*(-112)/(-6). Suppose -8 = 2*o - 0, -m*v + d = 3*o. What is the highest common divisor of 10 and v?
10
Suppose -10*z = -35*z + 150. Let u be (9/z - -3)*(0 + 2). What is the greatest common divisor of u and 6?
3
Let h(n) = 1198*n - 15145. Let t be h(13). Calculate the highest common factor of t and 7007.
143
Let s(i) = i**3 - 57*i**2 - 122*i - 872. Let t be s(60). Calculate the highest common factor of 1141 and t.
163
Let v(f) = 2*f**2 + 39*f + 237. Let c be v(-7). Let k = 479 - 417. Calculate the highest common factor of c and k.
62
Suppose -x + 220 = 2*j, 0 = -9*j + 6*j - 6. What is the greatest common factor of 504 and x?
56
Let z(f) = 6*f**2 + 36*f - 15. Let h be z(4). What is the highest common factor of h and 288?
9
Let s = -88 - 39. Let k be s/(-2) - ((-51)/6 - -9). What is the greatest common factor of 18 and k?
9
Let g = 18046 - 18038. What is the greatest common divisor of g and 316?
4
Let l be 29261/203 + 1/(-7). Suppose -4*g = -2*g - l. Suppose 10*v = 5*v + 900. What is the highest common factor of v and g?
36
Let m be (-1 - -1*11)*(29 + -28). Let n be -1*28/m + 44/55. Let t be 8/16 + (n - (-203)/2). Calculate the greatest common divisor of 20 and t.
20
Suppose 8*l + 79*l - 44*l - 81528 = 0. Calculate the highest common factor of 72 and l.
24
Suppose 3*y = -v + 3*v + 11, v = -5*y + 27. Let d be ((-16)/16 + -4)*2/22*-11. Calculate the greatest common divisor of y and d.
5
Suppose -42*x + 35*x = -56. Suppose 6 = -2*k + x, k = 4*g - 63. Calculate the greatest common factor of 112 and g.
16
Let l = -29 + 37. Let o be -2 + (-3 + 0)*-9. Suppose o = 5*w, -4*d - d + 3*w = -345. Calculate the highest common divisor of l and d.
8
Let a = -4505 - -4934. What is the greatest common factor of 234 and a?
39
Let t = 108 - 108. Suppose -20 = 3*r - 4*c, 6*r - 11*r + 5*c - 25 = t. Suppose r = -y - 3*b, 2*y + 3*b = -2 + 8. What is the greatest common factor of y and 30?
6
Let i(s) = s**2 + 31*s + 98. Let c be i(-28). Suppose b + 5*t - c + 3 = 0, 3*b - t = 81. Calculate the highest common factor of 39 and b.
13
Let d(j) = -6*j**2 - 19*j + 48. Let g be d(3). Let l be ((-1170)/g)/((-8)/(-28)). Suppose 3*z + z = 104. What is the greatest common divisor of z and l?
13
Let o(s) = -4*s**2 + 110*s + 506. Let x be o(-4). Let i be 2/(-4) + 29/2. Calculate the highest common factor of i and x.
2
Let f(d) = 3*d + 159. Suppose -264 = 31*o - 23*o. Let u be f(o). Calculate the highest common factor of u and 210.
30
Let y = -14 + 16. Suppose 0 = -5*o - 5*h + 90, 3*h - y = 1. Suppose -13*q = 957 - 2946. Calculate the greatest common factor of q and o.
17
Suppose -14 = 2*r - 116. Let f = 87 - r. Suppose -12*z + 7*z - 3*x = -114, -74 = -3*z + x. Calculate the greatest common factor of f and z.
12
Suppose -2*c + 20*c - 576 = 0. Suppose 0 = -3*d + f + 3*f + 14, 16 = 5*d - 3*f. Let n be (-1)/d*(2 + -450). What is the greatest common divisor of c and n?
32
Suppose 5*a + 3275 = 5*f, 52*a + 3276 = 5*f + 48*a. Calculate the highest common factor of 256 and f.
16
Suppose -5*f - 229 = -4*l, f = 3*l + 2*f - 167. Suppose 6*o = 20*o. Suppose o*s - 70 = -5*s. What is the highest common factor of s and l?
14
Let o be 9 + -5 + (1 - (-466)/2). Suppose -6*q + 138 = -30. What is the highest common divisor of o and q?
14
Let c = 52 + -35. Let j = 148306 - 147932. Calculate the greatest common divisor of c and j.
17
Let f be (-2 - -2)/((-1 - -3)*-1). Let h be (-70)/4*(f - 1)*2. Calculate the greatest common divisor of h and 175.
35
Let m be 250/(3 - 1) - 1. Let w be 296/1332 - (36784/18)/(-11). What is the greatest common divisor of w and m?
62
Let z be -3 + (10 - 6) + (92 - 3). Suppose 7*w = 3*w + 2*m + z, 5*m - 25 = 0. Calculate the greatest common divisor of w and 1.
1
Let x(o) = o**2 - 7*o - 7. Let l be x(9). Let g be (-2 - -244)*(-3)/(-6). Calculate the highest common factor of l and g.
11
Suppose 12*d = 4*m + 8564, -d + 5*m + 1410 = d. What is the highest common divisor of 33 and d?
11
Let r be ((-16)/(-40))/(1/(-10)). Let c be (r - (2 - 5))*296/(-1). What is the greatest common divisor of c and 8?
8
Let x be 6/1 - (8 + -7) - -26. Suppose 2*d - 5*c = 25, 5*d + 3*c = -8 - 7. Suppose -5*n + x + 44 = d. Calculate the highest common factor of 105 and n.
15
Let y(j) = 20*j**3 - 5*j**2 - 2*j + 6. Let p be y(1). What is the greatest common divisor of p and 1273?
19
Suppose 154*u - 1412 - 1165 = 2043. Calculate the greatest common divisor of 126 and u.
6
Let y = -161 + 275. What is the greatest common factor of 874 and y?
38
Suppose 4*k + 69 = -255. Let n(h) = 11*h**3 + 2*h**2 - 7*h + 5. Let c be n(2). Let y = c + k. What is the highest common divisor of y and 138?
6
Let u be (-898)/(-22) + 96/528. Suppose 14*a + u = 419. Calculate the highest common factor of a and 9.
9
Let v = 52 + -19. Let g(c) = 2*c**3 - 17*c**2 - 7*c - 16. Let r be g(9). Let n(z) = 109*z + 13. Let o be n(r). What is the highest common factor of o and v?
33
Let g be (10 - ((-1188)/(-48) + -13))*(-303 - 1). Calculate the highest common factor of g and 140.
28
Suppose -73324 + 22574 = -201*o + 19198. What is the highest common factor of 318 and o?
6
Let y be (243 - 241)/(2 + 238/(-120)). Calculate the highest common factor of y and 7890.
30
Suppose -8 = 2*k - 3*k. Let z be 6 - (8 + -10 - -7). Let o be z/(((-36)/(-32))/9) - 0. Calculate the highest common divisor of k and o.
8
Let t(y) = -y + 9. Let z be t(8). Let h(r) = r**3 + 217*r**2 + 3029*r + 16. Let q be h(-15). Calculate the greatest common factor of z and q.
1
Let y be 20/(-8)*20/(-25). Suppose -y*c - 3*j + 0*j = -225, 0 = 4*c - 4*j - 480. Calculate the highest common divisor of c and 52.
13
Let n = 318 + -295. Suppose 0 = -n*s + 8529 + 4305. Calculate the greatest common factor of s and 62.
62
Let x be (-1)/(3/(-9)) + 13. Suppose -22*s - 470 = -5*z - 27*s, -3*z + 3*s = -294. Suppose -z = -5*m - x. Calculate the greatest common divisor of 24 and m.
8
Let b be 0 + 2090 - (-4 - 1/(14/(-42))). Calculate the greatest common divisor of 68 and b.
17
Let r be -16 + -13 + 19 + 13. What is the greatest common divisor of 57 and r?
3
Let w = 259 + -171. Suppose -z + 46 = t, 3*z + 66*t - 204 = 96*t. What is the greatest common divisor of w and z?
8
Let y = -16 + 26. Let r = 8 + -5. Let j = r - -17. Calculate the greatest common divisor of y and j.
10
Suppose 5*y - 150 = -5*j + 370, 2*y = 3*j + 198. Calculate the greatest common divisor of 75 and y.
3
Let q(i) = i**3 - 21*i**2 + 16*i + 19. Let v be (-2 + (-78)/(-30))*35. Let b be q(v). What is the highest common factor of 71 and b?
71
Let f be (-3)/(54/(-4)) + 49/((-10143)/(-10718)). Calculate the highest common factor of 148 and f.
4
Suppose -50324 = -2*j + 2*t, -12*t = -4*j + 117616 - 16928. Calculate the highest common divisor of j and 11.
11
Let d be (1 - 0 - 6 - -5)/(-2). Suppose -10*k + 12*k - 26 = 4*h, d = -2*h - 10. What is the greatest common factor of 11 and k?
1
Let i(u) = -u**3 - 10*u**2 - 2*u - 15. Let b be i(-10). Let j(r) = -r**3 + 10*r**2 - 3*r + 51. Let a be j(9). What is the highest common divisor of b and a?
5
Let x = 33 - 19. Let l(i) be the first derivative of i**2/2 - 4*i + 2968. Let a be l(x). What is the highest common divisor of a and 10?
10
Let r be (-16)/3*36/24. Let u be (-6312)/(-39) - r/52. Calculate the highest common factor of 108 and u.
54
Suppose -158*b - 2420 = -366*b + 164*